s 113 divide 1104123?
True
Does 291 divide 175689?
False
Is 1033600 a multiple of 544?
True
Is 13025014 a multiple of 409?
True
Is 1338288 a multiple of 28?
True
Is 23 a factor of 15019?
True
Is 989225 a multiple of 31?
False
Does 113 divide 61092?
False
Is 59840 a multiple of 34?
True
Does 21 divide 604395?
False
Is 65 a factor of 185510?
True
Does 22 divide 11292964?
False
Is 832 a factor of 1785698?
False
Is 1309 a factor of 1018402?
True
Does 137 divide 86721?
True
Is 783012 a multiple of 6?
True
Does 5 divide 173268?
False
Does 15 divide 16331145?
True
Is 757007 a multiple of 33?
False
Does 1145 divide 19137825?
False
Does 87 divide 196765?
False
Is 4 a factor of 52783?
False
Does 64 divide 4008704?
True
Does 77 divide 259431?
False
Does 254 divide 166116?
True
Is 319 a factor of 214687?
True
Is 94 a factor of 1457192?
False
Is 481208 a multiple of 364?
True
Is 98 a factor of 5411404?
False
Is 3696336 a multiple of 456?
True
Is 43 a factor of 254434?
False
Is 11161829 a multiple of 20?
False
Is 264 a factor of 2464978?
False
Is 414626 a multiple of 229?
False
Is 333 a factor of 441558?
True
Is 9755850 a multiple of 305?
False
Is 3277254 a multiple of 33?
False
Is 1236350 a multiple of 427?
False
Does 31 divide 4681?
True
Is 12556856 a multiple of 50?
False
Is 1838352 a multiple of 38?
False
Does 5 divide 222?
False
Does 13 divide 99409?
False
Does 65 divide 3862701?
False
Does 43 divide 556420?
True
Is 367 a factor of 409939?
True
Is 172037 a multiple of 89?
True
Does 65 divide 1918126?
False
Does 95 divide 3112369?
False
Is 9884952 a multiple of 168?
True
Is 1093 a factor of 8372007?
False
Is 273936 a multiple of 19?
False
Does 43 divide 1038923?
True
Does 162 divide 198126?
True
Is 25 a factor of 747565?
False
Is 25 a factor of 4528878?
False
Is 345507 a multiple of 415?
False
Is 87243 a multiple of 12?
False
Does 191 divide 1127885?
False
Does 4 divide 7390?
False
Does 134 divide 15786674?
True
Is 507276 a multiple of 22?
True
Does 320 divide 132411?
False
Is 1258065 a multiple of 34?
False
Is 310 a factor of 6471202?
False
Is 155296 a multiple of 92?
True
Is 3905606 a multiple of 134?
False
Is 5367654 a multiple of 18?
True
Is 154 a factor of 53438?
True
Is 209084 even?
True
Is 944496 a multiple of 8?
True
Is 15 a factor of 5038455?
True
Is 1062378 a multiple of 280?
False
Is 509639 a multiple of 87?
False
Is 176 a factor of 239536?
True
Is 936765 a multiple of 21?
False
Is 981114 a multiple of 202?
True
Is 150 a factor of 462334?
False
Is 105 a factor of 14689710?
True
Is 51853 a multiple of 24?
False
Is 150120 a multiple of 45?
True
Does 32 divide 5724576?
True
Is 246 a factor of 172938?
True
Is 17 a factor of 386240?
True
Is 2 a factor of 287?
False
Does 8 divide 138289?
False
Is 117 a factor of 386118?
False
Is 86 a factor of 435934?
True
Is 265556 a multiple of 20?
False
Is 52 a factor of 631124?
True
Is 842256 a multiple of 16?
True
Does 33 divide 217446?
False
Is 10 a factor of 90454?
False
Is 23 a factor of 2619410?
False
Does 9 divide 6936147?
True
Does 2179 divide 5970460?
True
Is 1991992 a multiple of 16?
False
Is 355 a factor of 77077?
False
Does 25 divide 1240216?
False
Does 11 divide 172766?
True
Does 249 divide 3409806?
True
Is 87622 a multiple of 454?
True
Is 35 a factor of 53165?
True
Does 16 divide 9007552?
True
Does 167 divide 14911271?
False
Does 25 divide 1528345?
False
Is 214 a factor of 291254?
True
Is 830758 a multiple of 237?
False
Is 151 a factor of 1396599?
True
Is 984620 a multiple of 24?
False
Does 7 divide 6084620?
False
Does 4 divide 5066?
False
Does 323 divide 1084063?
False
Is 1191072 a multiple of 188?
False
Is 8 a factor of 2047240?
True
Is 4862855 a multiple of 47?
True
Does 7 divide 78024?
False
Does 500 divide 8612500?
True
Does 203 divide 3345283?
False
Is 517897 a multiple of 403?
False
Is 30 a factor of 132480?
True
Is 17 a factor of 724840?
False
Is 280607 a multiple of 14?
False
Does 28 divide 788620?
True
Is 3091926 a multiple of 810?
False
Is 5436584 a multiple of 94?
True
Is 2 a factor of 109557?
False
Is 44 a factor of 6550?
False
Is 236808 a multiple of 22?
True
Does 5 divide 47733?
False
Is 159 a factor of 2522058?
True
Does 24 divide 17106264?
True
Is 14 a factor of 183232?
True
Does 18 divide 6541398?
True
Is 1077 a factor of 2286212?
False
Is 22 a factor of 62274?
False
Is 19 a factor of 703893?
True
Is 21135 a multiple of 114?
False
Does 245 divide 84280?
True
Is 307 a factor of 1419875?
True
Is 702322 a multiple of 924?
False
Does 11 divide 116215?
True
Does 5 divide 199740?
True
Is 10496204 a multiple of 6?
False
Does 249 divide 126990?
True
Does 24 divide 23822?
False
Is 86100 a multiple of 28?
True
Is 57 a factor of 241517?
False
Is 539985 a multiple of 15?
True
Does 398 divide 3969254?
True
Is 15214 a multiple of 4?
False
Is 28 a factor of 341870?
False
Is 7125052 a multiple of 692?
False
Is 109672 a multiple of 113?
False
Is 3694680 a multiple of 18?
True
Is 27176414 a multiple of 409?
True
Is 17 a factor of 240295?
True
Is 116 a factor of 7658552?
True
Is 4112752 a multiple of 13?
False
Does 9 divide 4595445?
True
Does 66 divide 837012?
True
Is 748397 a multiple of 3?
False
Does 308 divide 877322?
False
Is 125148 a multiple of 99?
False
Does 28 divide 2806980?
False
Is 33 a factor of 267399?
True
Is 127 a factor of 377444?
True
Does 43 divide 25642?
False
Does 19 divide 12909554?
False
Is 73901 a multiple of 13?
False
Does 54 divide 2343889?
False
Does 11 divide 1769648?
False
Does 76 divide 129325?
False
Is 624 a factor of 24169829?
False
Is 1574388 a multiple of 14?
False
Does 6 divide 353948?
False
Is 29568 a multiple of 6?
True
Does 21 divide 3737979?
True
Does 222 divide 119436?
True
Does 7 divide 543219?
False
Is 25 a factor of 110944?
False
Does 523 divide 658980?
True
Does 33 divide 1868559?
True
Is 3460446 a multiple of 2?
True
Is 2045125 a multiple of 556?
False
Does 58 divide 1782688?
True
Does 457 divide 9711263?
False
Does 43 divide 23071?
False
Is 5 a factor of 137401?
False
Is 26 a factor of 73476?
True
Is 572812 a multiple of 38?
True
Is 156164 a multiple of 71?
False
Does 16 divide 2066?
False
Does 11 divide 1239832?
True
Is 425 a factor of 103700?
True
Is 11 a factor of 45840?
False
Is 582 a factor of 47565?
False
Is 138 a factor of 60788?
False
Does 255 divide 25714283?
False
Is 60 a factor of 661028?
False
Does 880 divide 2420000?
True
Is 1271 a factor of 562766?
False
Is 9 a factor of 11388595?
False
Is 3042178 a multiple of 109?
False
Is 10 a factor of 511200?
True
Does 331 divide 262277?
False
Does 100 divide 1343169?
False
Is 8 a factor of 477640?
True
Is 2729958 a multiple of 209?
True
Is 6 a factor of 14010?
True
Is 51 a factor of 206890?
False
Is 27 a factor of 35395?
False
Is 33 a factor of 9076551?
True
Does 2 divide 316629?
False
Is 3870 a multiple of 9?
True
Is 4733235 a multiple of 117?
True
Is 1037214 a multiple of 87?
True
Is 3 a factor of 2439?
True
Does 23 divide 3901375?
True
Does 116 divide 5053224?
False
Is 21 a factor of 69741?
True
Is 254334 a multiple of 19?
True
Is 220752 a multiple of 36?
True
Is 34 a factor of 12478?
True
Is 29 a factor of 227129?
False
Is 7 a factor of 301075?
False
Is 19502 a multiple of 49?
True
Is 15 a factor of 8415?
True
Is 130889 a multiple of 19?
False
Is 123690 a multiple of 10?
True
Is 24 a factor of 323208?
True
Does 38 divide 1658586?
True
Is 34085 a multiple of 85?
True
Is 303 a factor of 572973?
True
Is 686570 a multiple of 142?
True
Is 513 a factor of 9990956?
False
Is 8152082 a multiple of 752?
False
Is 29620948 a multiple of 12?
False
Is 48 a factor of 82511?
False
Is 547705 a multiple of 47?
False
Is 1579260 a multiple of 20?
True
Is 148319 a multiple of 71?
True
Is 54510 a multiple of 23?
True
Is 1156 a factor of 2360552?
True
Is 208 a factor of 1426292?
False
Is 777 a factor of 3613827?
True
Is 523034 a multiple of 103?
True
Is 2 a factor of 24531?
False
Does 364 divide 1556100?
True
Does 87 divide 1354764?
True
Is 10792 a multiple of 5?
False
Does 132 divide 584744?
False
Is 29 a factor of 2478775?
True
Is 61 a factor of 19862?
False
Does 39 divide 24457387?
False
Is 989356 a multiple of 74?
False
Is 40 a factor of 14482720?
True
Is 23 a factor of 2130205?
False
Does 119 divide 1418931?
Fa